- 0 - (-2 + -1). Let b(w) = 2*w - 11. Let k be b(s). Suppose -4*l - l + 115 = 4*x, k*l - 2*x = 69. What is the remainder when l is divided by 8?
7
Let o(x) = -5*x**3 + 13*x + x**3 - 11 - 9*x**2 + 5*x**3. Calculate the remainder when 57 is divided by o(8).
28
Let f(h) = 14*h**2 - 18*h + 22. What is the remainder when f(6) is divided by 61?
52
Suppose -5*b - 1 = -6. Let i = -11 - b. Let h = 18 + i. What is the remainder when 16 is divided by h?
4
Suppose -r + 39 = -47. Suppose 11*i + i - 264 = 0. Calculate the remainder when r is divided by i.
20
Suppose 11 + 179 = 5*c - v, -5*c + 215 = 4*v. Suppose r = c + 114. What is the remainder when r is divided by 31?
29
Let m = 15 - -24. Suppose -5*k = 3*t - m, -9 - 7 = -2*k - t. Calculate the remainder when 25 is divided by k.
7
Let z be (2 + 16/(-5))/((-46)/115). Suppose m + 2 = 0, -z = -2*a + 2*m + 67. What is the remainder when a is divided by 12?
9
Let o = 1221 + -368. Calculate the remainder when o is divided by 61.
60
Let k = -556 - -1339. What is the remainder when k is divided by 28?
27
Suppose 6 = 3*g - 3*k, -3*k - 4 = k. Let s be (g + -13)*2/(-4). Suppose -2*b - z + s = 0, -z - 2 - 2 = -3*b. What is the remainder when 7 is divided by b?
1
Let j be (-1 + -105)*(-4)/(-8). Calculate the remainder when (-1)/(-1)*(-12 - j) is divided by 22.
19
Suppose 0 = -2*v - 4*r + 5*r + 10, v + 3*r - 12 = 0. Let g(u) = -u**3 + 6*u**2 + 9. Calculate the remainder when 15*2*3/6 is divided by g(v).
6
Let x = 146 + -132. Let b = 43 - x. Let d(z) = 3*z**2 - 2*z. What is the remainder when b is divided by d(2)?
5
Suppose 2*g = -13 + 97. Let q = 46 - 42. Suppose -q*f = -11 - 49. What is the remainder when g is divided by f?
12
Let g = -17 + 59. Calculate the remainder when 196 is divided by g.
28
Let w be (-5 - -5) + 119 - -5. Suppose 4*s - 2*s - 130 = -2*l, -2*s + 4*l + w = 0. What is the remainder when s is divided by 13?
12
Let z = 25 + 14. Suppose 0*s + s - 6 = 0. Let w(i) = 2*i**2 - 9*i - 10. Calculate the remainder when z is divided by w(s).
7
Suppose 2*j = -j + 2*t + 24, 4*t = 3*j - 18. Suppose 2*l + 0*l + 4 = 0. What is the remainder when 4/l*(-55)/j is divided by 7?
4
Suppose -1 = 4*g + 3*i + 8, -3 = -5*g + i. Let f = 12 + -6. Suppose -10*w + 9*w + f = g. What is the remainder when 15 is divided by w?
3
Let p = 8 - 6. Let s(j) = -6*j - 38. Calculate the remainder when 4/p + (-150)/(-2) is divided by s(-9).
13
Suppose 35 = 3*n - 4*l - l, 0 = 3*n - 4*l - 34. Suppose 0 = -o + k + n, k + 1 = 2*o - 23. Let a = 41 - 2. What is the remainder when a is divided by o?
11
Suppose 5*g + 4*z - 2054 = 5580, -z = 4. Calculate the remainder when g is divided by 73.
70
Suppose -5*o + 15 = 4*h - 10, 0 = -2*o - 4*h + 10. Suppose -4*d + 36 = o*f, 3*d + d - 12 = -2*f. What is the remainder when 2/(-4 - (-250)/60) is divided by f?
4
Suppose 4*m + 11 = -3*n + 56, -n - 4 = -5*m. What is the remainder when n is divided by 39/6 - 12/8?
1
Suppose 69*s - 336 = 63*s. Calculate the remainder when s is divided by 16.
8
Suppose -4*t = 5*g - 52, -5*t + 2*g = -7 - 25. Let a(p) = 2*p**2 - 7*p. Calculate the remainder when a(6) is divided by t.
6
Calculate the remainder when 411 is divided by 12 - (14 + (-24)/3).
3
Suppose a - 36 = -5*w, a + 3*a + 3*w = 161. Calculate the remainder when 119 is divided by a.
37
Suppose -3*g = -0*g - 6. Calculate the remainder when 116/16 - g/8 is divided by (-2)/(-6) + 0 + (-266)/(-57).
2
What is the remainder when ((-1)/(20/408))/(-8 + (-237)/(-30)) is divided by (-248)/(-6) + 2/(-6)?
40
Suppose -3*s + s - 8 = 0, 4*y + 60 = -3*s. What is the remainder when (-514)/y + (-24)/(-144) is divided by 11?
10
Suppose 3*s - o = -3*o + 9, 2*o = s - 3. Calculate the remainder when 1*(-7)/(-1) - 29/(-29) is divided by s.
2
Let s = 34 - 32. Suppose c + 6 = s*c. Calculate the remainder when c is divided by 4.
2
Suppose -2*t + 35 = -31. Calculate the remainder when 2/6 - (3 - (-2296)/(-24)) is divided by t.
27
Let q = -73 + 108. What is the remainder when q is divided by 9?
8
Let y(b) = b**3 + 17*b**2 + 17*b + 5. Suppose 3*d + 32 = d. Let f be y(d). Let c = f + 21. What is the remainder when 37 is divided by c?
7
Suppose 2*r = -0*r - 4, -4*r - 4 = 2*m. Suppose 2*o - 7 = -4*x + o, 0 = 3*x - 3*o - 9. Suppose x*n + 5*n - 35 = 0. What is the remainder when n is divided by m?
1
Let h(u) = u**3 + 5*u**2 - 4*u - 1. Let f = -89 + 162. Let g = -37 + f. Calculate the remainder when g is divided by h(-5).
17
Suppose 561 = 15*h + 36*h. Calculate the remainder when h is divided by 3.
2
Let z be -6*(5/3 - 2). Suppose u - z = -4, 3*l - 1 = -u. Let j = 62 - 59. Calculate the remainder when j is divided by l.
0
Suppose 0 = 5*q - w + 743, -4*q = w + w + 586. Let n = -68 - q. Calculate the remainder when n is divided by 28.
24
Suppose -7*v + 35 = -2*v. Let m = -3 + 6. Suppose -2*o = -m*h - v + 33, -2*h = -o - 16. Calculate the remainder when 15 is divided by h.
3
Let t = -67 + 77. Let q = -11 + 19. What is the remainder when (-5)/t*13*-2 is divided by q?
5
Let k(m) = m**2 - 3*m - 6. Let d be k(5). Suppose 3*b + 8 = d*b. What is the remainder when (53 - 22)/(-2 + 5 + -2) is divided by b?
7
Let x(m) = -5*m**3 + m**2 - m - 12. What is the remainder when x(-2) is divided by 5?
4
Suppose 4*g = -5*j + 157, 0 = -0*g - 3*g - 2*j + 123. Let t = -308 - -596. Suppose -104 = 8*m - t. What is the remainder when g is divided by m?
20
Let j(h) = -h**2 + 8*h**2 + 13 - 10*h - 6*h**2. Let l be j(9). Suppose -4*p = -4*z + z - 189, -l*p - 3*z = -171. What is the remainder when p is divided by 23?
22
Suppose -932 = -4*w + 4*p + 348, -w + 4*p = -329. Calculate the remainder when w is divided by 48.
29
Let w = -153 + 160. Suppose 2*k = 4*s + 100, -k + 4*k - 100 = -4*s. Calculate the remainder when k is divided by w.
5
Let f = 209 + -202. Calculate the remainder when 370 is divided by f.
6
Suppose -116 = -3*a - 5*o, 5*a + 2*o - 42 - 145 = 0. What is the remainder when 143 is divided by a?
32
Let p(n) = n**3 + 8*n**2 + n + 5. Let y(u) = u**2 - 4*u - 2. Let j = -1 - -4. Let t be y(j). Calculate the remainder when p(t) is divided by 26.
23
Suppose 0 = v - 40 + 5. Suppose 3*w - 3*x = 12, 5*x - 35 = -5*w + v. What is the remainder when 58 is divided by (-266)/(-18) + 2/w?
13
Calculate the remainder when (-3 + (-609)/(-15))*(5 - 0) is divided by 24.
20
Suppose -17*b + 14*b + 684 = 0. Calculate the remainder when b is divided by 33.
30
Let a(w) = -w**2 - 2*w + 3. Let k be a(5). Let f = k - -35. Calculate the remainder when 9 is divided by f.
0
What is the remainder when 503 is divided by 7 + (-2217)/(-57) + 2/19?
43
Let y(f) = f**3 + 11*f**2 + 2*f + 15. Let m be y(-11). Calculate the remainder when 49 is divided by (-168)/m + (0 - -1).
24
Let v(w) = w**2 - 37*w - 339. Calculate the remainder when v(49) is divided by 83.
0
Suppose d + d - 4*z = 20, -d = 2*z - 14. Let n = 2 + 2. What is the remainder when d is divided by n?
0
Suppose 5*g + 4*o = 20, 2*g - 11 = -0*g - o. Let n = 34 + -13. Let u = n - 17. What is the remainder when g is divided by u?
0
Suppose -4*h - k + 120 = 4*k, 60 = 2*h + 4*k. What is the remainder when 95 is divided by h?
5
Let n = -466 - -478. Calculate the remainder when 22 is divided by n.
10
Let v be (7 - (0 - 0)) + 1. Let z(q) = q**3 - 9*q**2 + 11*q + 5. What is the remainder when z(v) is divided by 8?
5
Let a(c) = 3*c - 1. Let g be a(1). Let s(v) = -v**2 - 8*v + 2. Let z be s(-6). Calculate the remainder when (g + z)/(-4)*-10 is divided by 11.
7
Let d(j) = -2*j**3 - 3*j**2 - 3*j - 5. Let w be d(-2). Calculate the remainder when 44 is divided by (135/(-75))/((-1)/w).
8
Suppose -23*l - 43*l + 11154 = 0. What is the remainder when l is divided by 11?
4
Suppose -11 = -s - 2*g, -78 + 10 = -4*s + 4*g. Calculate the remainder when 116 is divided by s.
11
Suppose -50*l + 1582 = 382. Calculate the remainder when 525 is divided by l.
21
Let b = 326 - 175. What is the remainder when b is divided by 17?
15
Let l = 37 + -25. What is the remainder when 93/4 + (-15)/60 is divided by l?
11
Suppose -504*y = -482*y - 6600. What is the remainder when y is divided by 76?
72
Let w = -13 - -22. Suppose 3*k - 2*u = 2, 0 = w*k - 4*k - 2*u - 6. Let z = 1 - -4. What is the remainder when z is divided by k?
1
Suppose -9*p + 16 = -8*p. Suppose 11 + 39 = 5*g. Calculate the re